hat is the remainder when n is divided by 29?
25
Suppose 25*z - z = -6984. Let m = z - -330. Calculate the remainder when 70 is divided by m.
31
Suppose 185 = -2*b + f + 219, -3*f = -b + 17. Suppose 4*h - 20 = 2*h. Calculate the remainder when b is divided by h.
7
Suppose 38*s + 329*s - 45625 = 2*s. Suppose h - 4*h = -4*y - 17, -9 = -5*h - 3*y. Calculate the remainder when s is divided by h.
2
Suppose -4*z - 27 = -43, 5*f + 3*z = 21192. What is the remainder when f is divided by 106?
102
Let h(n) = -2*n**3 - 13*n**2 + 147*n + 206. Calculate the remainder when 1103 is divided by h(-12).
11
Suppose 421*b = 417*b + 12. Suppose 4*a - 112 = b*z - 4*z, -3*z + 133 = 5*a. Suppose m + 68 = 5*m. Calculate the remainder when a is divided by m.
12
Let p be (-333)/(-6)*40/60. Let h = p - -29. What is the remainder when h is divided by 17?
15
Let w(k) = -10*k - 29*k - 17*k - 47*k - 166 - 39*k. What is the remainder when w(-3) is divided by 53?
48
Suppose -151*x = -97*x - 54. What is the remainder when (3/12)/((-583)/(-572) - x) is divided by 2 + (-3)/(6/(-4))?
1
Let t(j) = 2*j**3 - 6*j**2 + 4*j - 1. Suppose 0 = -2*k + 12 - 4. Suppose 4 + 44 = 2*s. Calculate the remainder when t(k) is divided by s.
23
Suppose -4*x = -10*a + 78, -4*a + 261*x - 260*x = -30. Let v = 75 + -54. Calculate the remainder when v is divided by a.
0
Suppose -3421 - 55 = -158*r. What is the remainder when 593 is divided by r?
21
Let c be 6/10 - (228/(-20) + 6). Let d be c - 12/(1 + 3). Suppose -209 = -4*w + d*m, m + 28 = 2*w - 77. What is the remainder when 208 is divided by w?
49
Let k(c) = -c - 11. Let l be k(-14). Let w(s) = 1 - s + s**2 - 6*s**l + 0*s - 3 - 9*s**3. What is the remainder when 73 is divided by w(-1)?
13
Let x(j) = -j**3 - 18*j**2 + 15*j - 38. Let w(h) = h**2 + 9*h - 1. Let c be w(-6). What is the remainder when x(c) is divided by 20?
18
Suppose 0 = -0*f + 4*f + 264. Let s = -130 + 114. Let h = s - f. Calculate the remainder when h is divided by 9.
5
Let x(k) be the third derivative of 43*k**4/24 - k**3 + 7*k**2. Suppose 9*z - 329 + 140 = 0. Calculate the remainder when x(3) is divided by z.
18
Let w be ((-9)/(315/98))/(2/(-5)). Let k(a) = -a**3 + 9*a**2 - 16*a + 20. Calculate the remainder when 23 is divided by k(w).
5
Let k = -101 - -139. Suppose 6 - 37 = 2*a + 3*y, 0 = -5*a - 2*y - 94. Let b = k + a. What is the remainder when b is divided by 7?
4
Let h(j) = -67*j + 703. Let g(c) = -45*c + 468. Let z(u) = 8*g(u) - 5*h(u). What is the remainder when z(7) is divided by 21?
12
Suppose j + 9 = -6. Let f = j - -36. Let v(l) = l**2 + 7*l - 38. Calculate the remainder when v(6) is divided by f.
19
Suppose 1456 = -10*z + 4546. Calculate the remainder when 358 is divided by z.
49
Let r = -13 + 10. Let l be 1*(-3 - (8 + r)). Calculate the remainder when 21 is divided by ((-36)/(-12))/((-2)/l).
9
Suppose 13*l + 6039 + 3546 = 148*l. Calculate the remainder when 85 is divided by l.
14
Suppose -5*s = -3*j + 199 - 48, -3*j + 4*s + 152 = 0. What is the remainder when 187 is divided by j?
31
Let t = 6 - -37. Suppose -430*c = -16150 - 130910. Calculate the remainder when c is divided by t.
41
Calculate the remainder when 5459 is divided by (-6*(-6)/12)/(4*3/104).
25
Suppose 3*s = 3*t + 12, -5*s + 4 = -4*t - 20. Suppose -o - 2*o - 2*x + 20 = 0, -o = 5*x - 24. What is the remainder when s/(-2) + 19 + -8 is divided by o?
3
Let r be ((-10)/8 + 1)*0. Suppose r = 2*u - 3*f - 10 - 5, 3*f = u - 6. What is the remainder when ((-2)/(-6))/((-1)/(-39)) is divided by u?
4
Let j = -176 - -180. Suppose 3*l = j*o + 4 + 54, 0 = -2*o + 10. What is the remainder when l is divided by ((-16)/10)/((-3)/15)?
2
Let n be (13 - 20)/(1*-1). Calculate the remainder when 375 is divided by -4*n/28*-8.
7
Suppose -97*x = -100*x - 66. Let a = x - -77. Calculate the remainder when a is divided by 12.
7
Let l(z) = -8*z - 1. Let i be l(-1). Suppose -1014*r = -1036*r. Suppose r*t + t = i. Calculate the remainder when 32 is divided by t.
4
Calculate the remainder when 1418 is divided by 16188/(-38)*(-4)/24.
69
Suppose 4*a - 5*k = 7*a - 1371, -2285 = -5*a + 5*k. Let m(w) = 4*w**2 - 3*w - 6. Calculate the remainder when a is divided by m(-2).
9
Let v = -160 + 231. Suppose -3*y - 12 = 0, -4*t + 81 = 5*y - v. Calculate the remainder when 85 is divided by t.
42
Let j(u) = -u**3 - 12*u**2 - 13*u + 5. Let c be j(-11). Let n = 3 + -6. Let x = c - n. What is the remainder when x is divided by 4?
2
Let d(v) = v**2 + 11*v - 76. Suppose 0 = -44*i - 55 - 649. Let z(o) = 2*o - 1. Calculate the remainder when d(i) is divided by z(2).
1
Suppose -12 = -4*a, 0*v - 3030 = -4*v - 2*a. Suppose 1 = -h - r + 16, -2*h = 4*r - 30. Calculate the remainder when v/13 - 6/39 is divided by h.
13
Suppose 5*t + 3*a - 266 = 0, 8*t = 3*a + 115 + 295. What is the remainder when 364 is divided by t?
0
Calculate the remainder when 1752 is divided by (-264)/(-10) - (5 - (42/(-30) + 6)).
10
Suppose -u + 3*x = -52, 181 = 3*u - 2*x + 25. Calculate the remainder when 4*(3 + (-9)/(-12))*(33 - 20) is divided by u.
39
Suppose 282*t - 111600 = 220*t. What is the remainder when t is divided by 19?
14
Let r = 447 - 443. Suppose -4*n - z = -1025, -r*n + 606 = 5*z - 407. What is the remainder when n is divided by 52?
49
Suppose 35096 = 173*p + 4648. Calculate the remainder when 179 is divided by p.
3
Suppose -2*s = -2*h + 550, -4*s + 427 = 3*h - 363. Calculate the remainder when h is divided by (4 + 72/(-16))/((-1)/112).
46
What is the remainder when 126/(-18) + 7/((-28)/(-572)) is divided by 37?
25
What is the remainder when 1228 is divided by 35*9/(180/44)?
73
Let k(g) = 3*g**3 - 12*g**2 - 29*g - 42. Calculate the remainder when k(10) is divided by 92.
88
Let s(f) = -f**3 - 200*f**2 - 2605*f + 29. Calculate the remainder when 1757 is divided by s(-14).
37
What is the remainder when 5/((-100)/5090)*(-2 - (-1 + 3)) is divided by 7?
3
Let q be 882 + -5 + 16/(-8). Suppose 4*o + 0*o - 3*l = 885, q = 4*o - 5*l. Calculate the remainder when o is divided by 38.
35
Suppose 12 = 4*b + 5*w, 0 = -3*b + 4*w + 1 + 8. Suppose 7 + 44 = b*o. Suppose -6*j + 2*c + 25 = -j, c = 4*j - o. Calculate the remainder when j is divided by 1.
0
Let f(q) = 68*q**2 - 77*q - 236. Calculate the remainder when f(18) is divided by 54.
52
Let g(j) = 23*j - 1731. What is the remainder when 692 is divided by g(78)?
62
Suppose z = -3*y + 9, -y - 12 + 71 = 5*z. Suppose 0 = -z*w + 21 + 87. Calculate the remainder when 62 is divided by w.
8
Let c(j) = -j**2 + 34*j + 2234. What is the remainder when 861 is divided by c(64)?
233
Let d = -8 - -30. Suppose 4*z + 4*s = -0*z + 8, 4 = z + 2*s. Suppose 3*r - 2*q - 125 = z, 2*r + 5*q + 169 = 6*r. Calculate the remainder when r is divided by d.
19
Suppose 60 = -3*g - 0. Let n = g - -24. Suppose -5*y + n*c = -c - 250, 4*y - 193 = -3*c. What is the remainder when y is divided by 15?
4
Let x be (6 - 12) + 8 + -75. Let y = -46 - x. Suppose 5*l = -4*o - 26 + 92, -3*o = -3*l + 18. Calculate the remainder when y is divided by l.
7
Let a be -3 + 0 - (-190)/19. Suppose 0 = a*n + 15*n - 1342. What is the remainder when n is divided by 31?
30
Let w(p) = 16*p - 39. Suppose -22*s + 20*s + 14 = 2*v, 12 = 4*s. Calculate the remainder when 95 is divided by w(v).
20
Suppose -710 = -3*l - 245. Let g = -546 + 598. Calculate the remainder when l is divided by g.
51
Let k = 66 - 13. Let x = 45 - 45. Suppose w + 2 - 16 = x. Calculate the remainder when k is divided by w.
11
Let h(m) = -11*m**2 - 284*m + 5. Calculate the remainder when h(-25) is divided by 83.
64
Suppose 4*f - 20*t = -15*t + 268, -f + 13*t = -67. What is the remainder when 157 is divided by f?
23
Suppose 132*y - 25 = 127*y. Suppose -4*m = -8*m - y*j + 143, 0 = m - 2*j - 26. Calculate the remainder when 123 is divided by m.
27
Suppose 4*b = 8, b + b + 472 = 4*t. Let c = -139 + t. What is the remainder when 67 is divided by c*(-2 + 15/10)?
7
Suppose 0 = -31*p + 1018 + 1121. Let g = -43 + 115. Let a = g + -62. What is the remainder when p is divided by a?
9
Let p(u) = 2*u**2 - 6*u - 17 + u + u**2 - 7*u + 0*u. Calculate the remainder when p(10) is divided by 10.
3
Suppose 51*a - 46*a = 46*a - 1558. Suppose 3*g = 4*g - 23. What is the remainder when a is divided by g?
15
Let q be -6 + -1 - -2 - (-44 - -18). Suppose 18*x = -q